(q) = -q**3 - 8*q**2 - 13. Determine z(-8).
-13
Let k(c) = c + 1. Determine k(1).
2
Let g(z) = -5*z - 2. What is g(5)?
-27
Let h(l) = l + 4. Determine h(5).
9
Let a(y) = 3*y + 32. Calculate a(-5).
17
Let h(l) = 3*l**2 - 26*l. Calculate h(9).
9
Let b(f) = -f**3 + 9*f**2 + 7*f + 14. Determine b(10).
-16
Let i(c) = 6*c**3 - 108*c**2 - c + 20. Give i(18).
2
Let x(l) = l**2 + 2*l - 5. What is x(5)?
30
Let s(p) = 3*p + 20. What is s(0)?
20
Let c(n) = n**2 - 4*n - 1. What is c(5)?
4
Let f(n) = 83*n - 501. Determine f(6).
-3
Let c(f) = 43*f - 1. Give c(-1).
-44
Let d(p) = -p**2 - 7*p + 5. Calculate d(-4).
17
Let s(q) = -2*q - 22. Calculate s(-14).
6
Let i(w) = 2*w + 10. Calculate i(-9).
-8
Let j(m) = -m**3 - 3*m**2 + 3*m + 3. What is j(-5)?
38
Let k(a) = -2*a**2 - 27*a + 125. Give k(-17).
6
Let q(h) = 2*h + 12. What is q(-13)?
-14
Let t(k) = 14*k**3 + 2*k**2 - 2*k + 1. Calculate t(1).
15
Let i(j) = -j**2 - j + 6. Calculate i(2).
0
Let b(d) = -d**2 + 20*d - 13. Calculate b(19).
6
Let k(u) = 8*u + 19. Determine k(5).
59
Let q(p) = p**2 + 7*p + 9. Calculate q(-5).
-1
Let u(y) = 6*y**2 + 11*y + 18. Determine u(-4).
70
Let v(u) = u**3 - 3*u**2 + 5*u + 23. Give v(0).
23
Let f(s) = 3*s - 16. Give f(7).
5
Let r(c) = -c + 5. Give r(11).
-6
Let j(r) = -2*r**3 + 10*r**2 - 7*r + 18. Determine j(5).
-17
Let h(u) = -2*u + 20. What is h(0)?
20
Let l(i) = 23*i - 223. Give l(9).
-16
Let v(t) = 6*t + 204. Determine v(-29).
30
Let n(b) = 7*b + 14. Give n(-6).
-28
Let w(r) = r**3 - 8*r**2 + 2*r + 21. Give w(7).
-14
Let x(a) = -85*a + 6. Determine x(1).
-79
Let l(u) = u**3 - 13*u**2 - 11*u - 14. What is l(14)?
28
Let h(s) = s**2 + 12*s - 33. Give h(-14).
-5
Let c(p) = -p**3 + 3*p**2 + 4*p + 4. Calculate c(5).
-26
Let z(q) = -q**3 - 9*q**2 - 4*q + 15. What is z(-8)?
-17
Let o(y) = -y**2 - 23*y - 117. Calculate o(-11).
15
Let n(u) = -u + 2. Determine n(12).
-10
Let c(n) = n**3 - 17*n**2 + 59*n. Determine c(5).
-5
Let h(u) = u**3 - 6*u**2 - 1. What is h(6)?
-1
Let j(c) = -2*c + 25. Give j(11).
3
Let o(t) = 2*t**2 + 6*t - 3. Determine o(-3).
-3
Let c(k) = 7*k - 2. Determine c(1).
5
Let i(l) = -l**2 - 3*l + 4. Give i(2).
-6
Let o(m) = -m + 7. Give o(-3).
10
Let j(v) = -v**3 + v**2 + v + 7. Determine j(4).
-37
Let i(v) = v**3 - 12*v**2 + 14*v - 27. Calculate i(11).
6
Let y(z) = -z**3 + 40*z**2 - 109*z - 85. Give y(37).
-11
Let b(q) = q**2 + 11*q - 15. Give b(-12).
-3
Let u(w) = 58*w - 297. Give u(5).
-7
Let o(w) = -w**3 - 7*w**2 - 2*w + 4. Determine o(-4).
-36
Let x(a) = -2*a**2 + 28*a - 82. Calculate x(10).
-2
Let s(i) = -i**3 - i**2 + 78. Give s(0).
78
Let p(g) = -2*g + 19. Give p(10).
-1
Let z(s) = s**2 - 25*s + 2. Give z(22).
-64
Let m(n) = -3*n - 21. Determine m(-5).
-6
Let d(o) = o**3 + 4*o**2 - o + 1. Calculate d(-3).
13
Let u(h) = h + 8. Determine u(-4).
4
Let n(o) = -10*o**2 - 18*o - 12. Give n(-2).
-16
Let b(a) = a**2 + 8*a + 28. Determine b(-6).
16
Let o(z) = z**3 - 12*z**2 + 12*z + 3. Give o(11).
14
Let n(w) = -w**3 - 2*w**2 + 17*w + 13. Calculate n(-5).
3
Let k(r) = -10*r**2 + 8*r - 7. Calculate k(1).
-9
Let g(d) = -d**3 + 12*d**2 - 34*d - 10. Determine g(7).
-3
Let h(f) = -3*f**3 + 3*f**2 - 4*f + 2. Determine h(2).
-18
Let d(z) = z + 5. What is d(-2)?
3
Let s(l) = -l**2 + 3*l + 15. Give s(6).
-3
Let b(g) = -2*g**2 - 7*g + 20. What is b(-7)?
-29
Let d(l) = l**2 - 21*l + 113. Calculate d(10).
3
Let j(g) = 12*g**2 - 24*g + 5. Calculate j(2).
5
Let t(h) = h**2 - 57*h - 181. Give t(-3).
-1
Let l(m) = -182*m - 6. Calculate l(1).
-188
Let b(x) = 3*x**2 + 11*x + 2. Give b(-3).
-4
Let b(a) = a + 11. What is b(-8)?
3
Let u(d) = 3*d + 5. Determine u(-2).
-1
Let n(w) = 2*w**2 + 12*w + 9. Give n(-9).
63
Let l(y) = -2*y**2 - 3*y + 2. Give l(5).
-63
Let c(t) = -7*t + 281. What is c(39)?
8
Let g(v) = 3*v - 26. What is g(6)?
-8
Let s(d) = d - 3. What is s(6)?
3
Let j(v) = -v**2 - 9*v. Give j(-9).
0
Let d(n) = -7*n**2 + n - 3. Determine d(1).
-9
Let p(m) = m**2 - 9*m - 135. Determine p(-8).
1
Let m(w) = w**3 - 11*w**2 + 10*w - 8. Determine m(10).
-8
Let u(y) = y**2 + 16*y - 84. What is u(-20)?
-4
Let z(r) = 4*r**2 + 2*r + 4. Calculate z(3).
46
Let a(l) = -l**2 + 4*l + 46. Determine a(9).
1
Let x(w) = w**2 + w - 14. Determine x(-5).
6
Let x(h) = h**2 - 9*h - 12. Calculate x(9).
-12
Let w(o) = o**3 + 10*o**2 + 9*o + 5. Calculate w(-9).
5
Let z(s) = -98*s**3 - s**2 + s + 3. Give z(-1).
99
Let m(x) = x**3 - 8*x**2 - x + 4. Calculate m(8).
-4
Let o(q) = 2*q**2 + 2*q + 3. Calculate o(-2).
7
Let g(j) = 2*j**2 - 5*j - 2. What is g(4)?
10
Let y(l) = -51*l**3 - 2*l**2 - 3*l - 1. Determine y(-1).
51
Let u(g) = 8*g - 12. Determine u(4).
20
Let x(j) = -j**2 + 12*j + 8. Calculate x(14).
-20
Let n(p) = -p + 7. Give n(3).
4
Let n(h) = 7*h**2 + 2*h - 3. What is n(1)?
6
Let m(y) = 13*y + 1. Calculate m(-2).
-25
Let n(i) = i**2 - 13*i + 8. What is n(15)?
38
Let y(g) = g**3 - 2*g**2 - 3*g - 8. Calculate y(4).
12
Let n(k) = -2*k - 2. Calculate n(-2).
2
Let f(a) = -5*a**3. Give f(1).
-5
Let f(t) = 5*t + 31. Calculate f(-6).
1
Let a(i) = 14*i + 40. Determine a(-3).
-2
Let u(z) = z**3 - 6*z**2 + 4*z + 7. Determine u(3).
-8
Let u(b) = b + 26. Calculate u(-14).
12
Let o(n) = -n**3 + 29*n**2 - 25*n - 57. Give o(28).
27
Let o(q) = -5*q**2 + 28*q + 1. Give o(6).
-11
Let u(c) = -9*c**2 + 52*c + 15. Calculate u(7).
-62
Let a(w) = -2*w**3 - 26*w**2 - 15*w - 12. Give a(-12).
-120
Let d(h) = -h**3 - 6*h**2 - 4*h + 3. Determine d(-6).
27
Let g(k) = -k**3 + 9*k**2 + 8*k + 8. What is g(10)?
-12
Let g(b) = -13*b - 12. Determine g(-4).
40
Let h(b) = 67*b - 331. Give h(5).
4
Let b(n) = -n**3 - 6*n**2 - 5. What is b(-6)?
-5
Let c(v) = 8*v + 12. Determine c(-10).
-68
Let v(f) = 155*f**2 - 7*f. Calculate v(-1).
162
Let b(c) = -3*c - 9. What is b(-1)?
-6
Let f(i) = -5*i**3 - i**2 - i - 2. Determine f(2).
-48
Let r(g) = g**3 - 4*g**2 - 22*g + 8. Calculate r(7).
1
Let r(q) = 11*q + 2. Calculate r(-1).
-9
Let j(f) = -f**2 - 10*f + 27. Give j(3).
-12
Let b(v) = 36*v + 82. Calculate b(-2).
10
Let v(q) = -2*q**2 + 13*q - 13. Determine v(5).
2
Let g(l) = -5*l + 161. Calculate g(32).
1
Let a(b) = 2*b**2 + 2*b - 2. What is a(1)?
2
Let g(y) = 2*y**2 + 5*y + 6. Determine g(-3).
9
Let d(b) = -6*b - 54. Give d(-9).
0
Let o(m) = -2*m**3 + 3*m**2 + 17*m - 31. Calculate o(3).
-7
Let v(x) = -x**2 + 13*x - 31. Calculate v(7).
11
Let g(x) = -2*x**3 + 31*x**2 + 14*x + 38. Calculate g(16).
6
Let f(k) = -2*k**3 + 4*k**2 - 5*k + 5. Give f(2).
-5
Let q(h) = -h**3 - h + 9. Calculate q(0).
9
Let a(n) = n**3 + 4*n**2 - 4*n + 1. Determine a(-5).
-4
Let m(q) = q - 12. Determine m(11).
-1
Let h(m) = m**3 + 8*m**2 + m + 6. Determine h(-8).
-2
Let g(o) = 4*o**2 + 3*o + 1. Calculate g(-2).
11
Let p(o) = -o**2 + 2*o + 9. What is p(-4)?
-15
Let k(v) = v - 31. What is k(0)?
-31
Let q(h) = -h**3 - 4*h**2 + 10*h + 5. Determine q(-5).
-20
Let v(i) = -i**3 - 5*i**2 + 11*i + 6. Calculate v(-5).
-49
Let u(t) = -t**3 - 8*t**2 + 5*t - 13. Calculate u(-7).
-97
Let q(l) = 11*l**2 - 2*l - 3. Give q(-1).
10
Let k(j) = j**2 - 2*j - 11. Give k(0).
-11
Let w(a) = a**2 - 11*a - 25. What is w(13)?
1
Let p(v) = 3*v - 10. Calculate p(4).
2
Let a(m) = -m**3 - 8*m**2 - 3*m + 2. Give a(-8).
26
Let n(t) = -t**3 + 11*t**2 - 5*t + 4. Give n(10).
54
Let h(f) = -f**2 - 20*f - 21. Calculate h(-18).
15
Let n(r) = -9*r + 41. Give n(6).
-13
Let r(a) = -a + 38. What is r(-16)?
54
Let n(l) = l**3 + 24*l**2 - 19*l - 37. What is n(-25)?
-187
Let y(l) = 2*l**2 + 5*l - 2. What is y(-4)?
10
Let a(s) = 23*s**3 - 2*s**2 + s. Give a(1).
22
Let p(s) = -s**3 + 16*s**2 - 25*s - 42. Calculate p(14).
0
Let s(y) = -y**2 - 10*y + 24. Calculate s(-12).
0
Let q(d) = 27*d + 12. Determine q(-8).
-204
Let m(s) = s**3 - 3*s**2 - s + 3. Determine m(5).
48
Let j(z) = -2*z + 4. Calculate j(4).
-4
Let y(j) = j**3 + 8*j**2 - 20*j + 11. Determine y(2).
11
Let v(x) = -2*x - 43. What is v(-16)?
-11
Let n(y) = -y**2 + 12*y + 11. Calculate n(12).
11
Let o(v) = -2*v**2 + 3*v - 1. What is o(6)?
-55
Let k(q) = -q**3 + 8*q**2 - 12*q - 7. Give k(6).
-7
Let j(o) = o**3 + 5*o**2 + 3*o - 5. Give j(-4).
-1
Let f(w) = -2*w**3 - 8*w**2 + w - 1. Give f(-4).
-5
Let f(l) = 2*l + 3. Calculate f(-1).
1
Let z(b) = -b**2 + 9*b + 12. What is z(10)?
2
Let o(v) = -v**3 - 33*v**2 - 86*v + 125. Give o(-30).
5
Let n(c) = 42*c**2 + c - 6. Cal